6*m**2 - 2*m - 3. Let h be w(-1). Suppose 380 = 9*q - h. Calculate the remainder when q is divided by d.
5
Let t be (612/85)/((-4)/(-190)). Let o = -135 + t. Calculate the remainder when o is divided by 44 + (-3 - (-1 - 0)).
39
Let j(n) = 3*n**2 - 11*n - 13. What is the remainder when j(-8) is divided by ((-27)/(-15))/(14/350)?
42
Suppose 2*w - 516 = -4*s, 376*w - 374*w + 4 = 0. What is the remainder when 252 is divided by s?
122
Suppose 32*i = 29*i + 6. Let o = i - -31. What is the remainder when 262 is divided by o?
31
Let x = -47 + 53. Suppose 817 = x*o - 167. Let w = o + -42. Calculate the remainder when w is divided by 31.
29
Let u = -16151 + 17501. What is the remainder when u is divided by 44?
30
Let n = -61 - -96. Suppose 3*f = g + g + n, -15 = -3*f - 3*g. Suppose 4*p = 134 + 42. What is the remainder when p is divided by f?
8
Let w(q) = -46*q - 2168. Calculate the remainder when w(-59) is divided by 60.
6
Suppose 5*b - 5*p - 82 = 8, -5*b = 4*p - 90. Suppose 5*d = -0 - 15. What is the remainder when 1/((-3)/(-324)) + d is divided by b?
15
Suppose -11*u + j = -6*u + 1405, 0 = -3*j. Let t = u - -339. What is the remainder when t is divided by 31?
27
What is the remainder when 607 is divided by (0 - 4)*28/182*-26?
15
Suppose 575*z = 651*z - 12540. Calculate the remainder when 455 is divided by z.
125
Let t = -210 + 222. Suppose y + 2*j - 31 = 0, -7*y + t*y - 125 = 5*j. Calculate the remainder when 133 is divided by y.
25
Suppose h - 3*y + 2 = -1, 5*h + 3*y - 3 = 0. Suppose h = -4*q - 3*d - 2*d + 141, -3*q + 5*d = -62. Calculate the remainder when 55 is divided by q.
26
Calculate the remainder when (-2)/(-9) - (-1242850)/630 is divided by 131.
8
Let t be (3/6 - 2)*(-242)/33. What is the remainder when 162 is divided by (42 - 2)/8*t?
52
Let y = -14 + 70. Suppose 0 = -257*n + 261*n - y. Let z(w) = -4*w + 31. Calculate the remainder when z(0) is divided by n.
3
Let k(h) = -659*h + 351. Let v be k(-6). Suppose 0 = 30*b - 9*b - v. Calculate the remainder when b is divided by 23.
21
What is the remainder when 1640 is divided by ((-7 + 4)/(-3))/(-8 - (-342)/42)?
2
Let f be (-1 + 2)/(-1 + 2). Suppose 3*q - 7*j + 3*j + f = 0, 0 = -4*q - j + 24. Suppose 0 = -q*c + 139 + 196. Calculate the remainder when c is divided by 19.
10
Suppose 5*p - p - 364 = 0. Let s = p + -50. Let g = -14 + s. What is the remainder when g is divided by 7?
6
Let f(b) = -254*b - 2903. Calculate the remainder when 576 is divided by f(-12).
141
Suppose 472 + 50 = 9*m. What is the remainder when m is divided by 0 - (56/4)/(-2)?
2
Let u(w) = 433*w + 2208. Calculate the remainder when 1889 is divided by u(-5).
40
What is the remainder when (63/189)/((-1)/(-6927)) is divided by 68?
65
Suppose 4*h - 4*j = 8, -4*h + 5*j - 3*j + 6 = 0. Calculate the remainder when 206 is divided by (9/3)/h*52/6.
24
Suppose 5*f - 2*o = 257, -24*f + 151 = -21*f + 2*o. What is the remainder when 367 is divided by f?
10
Suppose -t = -n, 3*t - 15*n + 2 = -13*n. Let z(m) = 17*m**2 + 5*m - 3. What is the remainder when 218 is divided by z(t)?
53
Let b = 473 + -352. What is the remainder when 122 is divided by b?
1
Let p = -52 - -48. Let l(x) = -x**2 - 6*x + 3. What is the remainder when (-102)/(-6) - 6/(-2) is divided by l(p)?
9
Suppose -1421*k = -1495*k + 12432. What is the remainder when k is divided by 50?
18
Let m = 29 - 24. Let l be 1/((-4)/m - -1). Calculate the remainder when 46 is divided by (-10)/(-2) + (7 - l).
4
Suppose 606*a - 605*a - 584 = 0. What is the remainder when a is divided by 49?
45
Let x = -7227 + 7599. What is the remainder when x is divided by 5?
2
Let r = -133 + 81. What is the remainder when 31 is divided by (-8)/12 + r/(-6)?
7
Let y(x) = -x**3 + 11*x**2 - 94. Let c be y(10). Suppose 0 = c*h - 198 - 720. What is the remainder when h is divided by 80?
73
Let j(p) = p + 4. Let i be j(-5). Let x(g) = g**2 - 31*g + 214. Let f be x(21). Calculate the remainder when 42 + (i - 12/f) is divided by 20.
18
Let l = 6677 + -6546. Calculate the remainder when l is divided by 13.
1
Let b(t) = 40*t - 120*t + 111 + 57*t. What is the remainder when 48 is divided by b(4)?
10
Let p(c) = -c**3 + 17*c**2 + 54. Let k be p(17). Suppose -2*i - k = -11*i. Suppose 0 = -2*n + n + 27. What is the remainder when n is divided by i?
3
Suppose 23 + 39 = 71*n - 80. Calculate the remainder when (2 - (-1 + 0))*1 is divided by n.
1
Let g = 6244 + -6220. Calculate the remainder when 1103 is divided by g.
23
Let i = 34320 - 28050. Calculate the remainder when i is divided by 31.
8
Suppose q = -3*s + 225 + 296, q + 179 = s. Suppose -44 - 60 = 4*v - 5*x, 5*v + s = -5*x. Let g = v - -54. What is the remainder when 86 is divided by g?
17
Calculate the remainder when (144/(-12))/(-2) - -927 is divided by 17.
15
Let l = 10039 - 9455. Calculate the remainder when l is divided by 236.
112
Let u(d) = 872*d - 361. What is the remainder when u(1) is divided by 186?
139
Suppose 0 = 4*v + 66 + 58. What is the remainder when 166 is divided by -2*v/3 - 13/(-39)?
19
Suppose 10*i + 8 = 8*i, -4*g + 4*i = -620. Suppose 3*s - g - 17 = 0. Calculate the remainder when 222 is divided by s.
54
Let g = -2816 + 2830. What is the remainder when 62 is divided by g?
6
Let m(r) = -458*r**2 + 2750*r + 13. What is the remainder when 1763 is divided by m(6)?
13
Let v(f) = -f**2 - 8*f - 12. Let r be v(-5). Suppose r*t - 5*a + 6 = -8*a, 4*t = 3*a + 27. What is the remainder when 6 is divided by t?
0
Let w be (-218)/1*-1 - 2. Calculate the remainder when (2/(-6))/(18/w) + 173 is divided by 45.
34
Let c(m) = -m**2 + 2*m + 10. Let s be c(4). Suppose s*w - 2*a - 1138 = -2*w, -3*w + 3*a = -855. What is the remainder when w is divided by 13?
11
Calculate the remainder when 396 is divided by (496/12 - -4) + (-102)/(-153).
28
Let f(c) = c**2 + 50. What is the remainder when (-63 + 2)*(21 - 25) is divided by f(0)?
44
Let z(m) = -14*m - 138. What is the remainder when z(-38) is divided by 194?
6
Suppose -23*i + 4698 = 535. Calculate the remainder when 649 is divided by i.
106
Let h(b) = -b. Let p(j) = -j**3 + 7*j**2 - j - 2. Let n(d) = h(d) + p(d). Let r be n(6). Suppose 47 = 3*w - r. Calculate the remainder when 136 is divided by w.
21
Let c be 18/81 - 146/9. Let b = c - -29. Suppose 56 = 3*f - b. What is the remainder when f is divided by 13?
10
Suppose 4*f + 3*n - 1146 = 0, 4*f - 2*f - 5*n - 612 = 0. What is the remainder when f is divided by 37?
32
Let b(n) = -2*n - 2. Let f be (-3 - (1 - 3))*-2. Suppose -4*x - 196 = -2*o, -f*o + 0*o + 190 = -x. What is the remainder when o is divided by b(-7)?
10
Suppose -16*y + 10*y + 882 = 0. Suppose y = 9*w + 12*w. What is the remainder when 57 is divided by w?
1
Let w(r) = 74*r**2 - 112*r + 232. What is the remainder when w(9) is divided by 30?
28
Suppose 42 = -4*f + 3*p + 371, 2*f - 7*p - 203 = 0. What is the remainder when 1304 is divided by f?
72
Let i = 29608 - 27400. What is the remainder when i is divided by 200?
8
Let c(y) = 2*y + 5. Let j be c(-15). Let k = j + 57. Calculate the remainder when 95 is divided by k.
31
Suppose -23*q + 129*q + 5404 = 52044. What is the remainder when q is divided by 127?
59
Let k be (-1 + 1716/(-30))/((-1)/(-5)). Let j = -263 - k. Calculate the remainder when j is divided by 17.
11
Let x(t) = t - 9. Let i be x(7). What is the remainder when 31 is divided by 4 + (-1 - -3) - i?
7
Let v(o) = 5*o - 19. Let w(s) = 10*s - 40. Let n be 12*-1 - (-10)/(-10). Let j(r) = n*v(r) + 6*w(r). Calculate the remainder when j(-19) is divided by 13.
11
Let w = 583 + -547. Suppose -w = -4*f + 224. Calculate the remainder when f is divided by 34.
31
Suppose -73*d - 504 = -29*d - 5564. Calculate the remainder when 1030 is divided by d.
110
Let v = -80 + 42. Let l = 43 + v. Calculate the remainder when 13/3*3 - -3 is divided by l.
1
Suppose 3*t = -t + 264. Suppose 1056 + 379 = 55*o - 655. Calculate the remainder when t is divided by o.
28
Let o = 917 - -152. Suppose 621 = 10*x - o. What is the remainder when x is divided by 43?
40
Let f(z) = z**3 - 7*z**2 - 15*z + 113. What is the remainder when f(8) is divided by 11?
2
Let y = 12968 + -12703. Calculate the remainder when y is divided by 121.
23
Suppose -588 = -24*f + 17*f. Let b(y) = -20*y - 21. Let x be b(-7). Suppose -8*t + x = -t. What is the remai